ppose 89 = 2*j + l. Suppose -4*o + 101 + j = 0. List the prime factors of o.
3, 11
List the prime factors of (-851721)/(-585) - 2/(-30).
2, 7, 13
Let z = -4503 - -7440. List the prime factors of z.
3, 11, 89
Let l = -72 + 573. List the prime factors of l.
3, 167
Let c be (-10)/(-5)*(106 + 0). Suppose -c = 8*k - 756. List the prime factors of k.
2, 17
Suppose h - 2 = 2*q - 8, 5*q = 3*h + 15. Suppose -5*l - 5*a = -1365, h*l - 3*a = l - 271. List the prime factors of l/10 - 4/10.
3
Let g(o) = -6*o**3 - 11*o**2 - 31*o + 12. List the prime factors of g(-6).
2, 3, 61
Suppose 0 = -4*n - r + 1226, 0 = 5*n - 7*n + 5*r + 624. What are the prime factors of n?
307
Let f(d) = -d + 2. Let g be f(2). Suppose 5*a + 0*a - 355 = g. Suppose -83 = l - 4*l + r, a = 3*l + 5*r. What are the prime factors of l?
3
Let s(h) = -h**3 - 6*h**2 + 4*h + 4. Let f be s(-5). Let l = -38 - f. Suppose 4 - 1 = -3*b, b - 161 = -l*v. What are the prime factors of v?
2, 3
Let l(y) = 105*y + y**2 + 100*y - 307*y + 16 + 109*y. Let n(m) = -7*m**2 - 1. Let c be n(-1). List the prime factors of l(c).
2, 3
Let s = 255 - 165. Let h = -31 - -31. Suppose h = 5*o - l - s, -o - 34 = -2*o - 3*l. List the prime factors of o.
19
Let i = 1009 - 125. List the prime factors of i.
2, 13, 17
Let u be -2*3/(-18)*93. Suppose -4*z + 9 = -u. List the prime factors of z.
2, 5
Let i = 578 - -112. What are the prime factors of i?
2, 3, 5, 23
Let v(a) = a**3 + 8*a**2 - 2*a + 1. Let t(g) = -g**2 - 1. Let j(f) = -6*t(f) - v(f). What are the prime factors of j(-5)?
2, 5, 7
Suppose -t + 2 = 4*p, 0*p - 10 = -5*t - 5*p. Suppose -14 = -2*k + 2*u, -t*k + 9 = -u - 0*u. List the prime factors of k.
2
Suppose -5933 = -4*w + 3*y, -w + 3*y = -699 - 782. List the prime factors of w.
2, 7, 53
Let u = -14 - -26. Let n(i) = i - 9. Let o be n(u). Suppose o*t - 4 = 2. What are the prime factors of t?
2
Let y be ((-4)/(-3))/((-8)/(-5592)). Suppose -6*a + 4*o = -7*a + 304, -3*a - 2*o = -y. What are the prime factors of a?
2, 3, 13
Let n(r) = 80*r + 20. List the prime factors of n(13).
2, 5, 53
Suppose -3*f - 68 = 5*y, 2*f + 25 = -y - 18. Let x = 21 + f. Suppose -g - 3*z + 22 + 23 = 0, -5*g - 2*z + 225 = x. List the prime factors of g.
3, 5
What are the prime factors of (1411 - (4 + 5)) + -1?
3, 467
Suppose 3*j + 215 = 8*j. Suppose -j*p = -42*p - 51. List the prime factors of p.
3, 17
Let b = 168 + 130. List the prime factors of b.
2, 149
Let y = 8 + -6. Let l be (-2)/8*2*y. Let j = l - -51. What are the prime factors of j?
2, 5
Let m be 1/((-45)/(-10) + -4). Suppose 0*f - 172 = -m*f. List the prime factors of f.
2, 43
Suppose -10*z + 804 + 2106 = 0. List the prime factors of 3/4 + z/12.
5
Let g = 4 + 8. Let u(r) = 2*r**2 - 9*r + 23. What are the prime factors of u(g)?
7, 29
Suppose 0 = -5*k + 4*t - 130, 0*k - 5*t = -k - 5. Let d = k - -23. Let f(h) = 2*h + 24. List the prime factors of f(d).
2, 5
Let m = 9 - 5. Let d(j) = 4*j - 13. Let b be d(4). Suppose -b*p = m*h - 107, 5*h - 3*p + 4*p = 131. What are the prime factors of h?
2, 13
Let m(h) = -h**2 - 9*h + 4. Let c(w) = 2*w + 19. Let b be c(-14). Let l be m(b). Suppose -l*a = 5*s - 116, -a + 0*s = -5*s - 4. List the prime factors of a.
2, 3
Let l be (1*2)/((-32)/944). Let p = 95 + l. What are the prime factors of p?
2, 3
Let f = 5797 - 3352. List the prime factors of f.
3, 5, 163
Suppose 0 = d + 10*d - 22. Suppose -d*o + 48 = p, -10 = -5*o - 35. What are the prime factors of p?
2, 29
Let m be -1 + (4 - (7 + -4)). Suppose m = 5*l + 2*x - 267, -2*l = -4*l + 4*x + 126. List the prime factors of l.
5, 11
Let r(a) be the second derivative of 11*a + 0 + 1/3*a**3 - 1/20*a**5 - 3/4*a**4 - a**2. What are the prime factors of r(-10)?
2, 3, 13
Suppose -19*u + 8618 + 22675 = 0. List the prime factors of u.
3, 61
Suppose -d - 3 = -k, -3*k = 5*d - 2*k - 9. What are the prime factors of -2*d - -97 - 24/12?
3, 31
Let b(u) = 3*u**2 + 40*u - 36. What are the prime factors of b(14)?
2, 139
Let w(h) = h**2 - 3*h + 10. Let i be w(4). Suppose -i = -8*q + 538. What are the prime factors of q?
3, 23
Let h = 1 + 1. Suppose h*m - 45 = -3*i - 2*i, 5*i + m = 45. Suppose 0 = 3*w + 5*t - i, 2*w - 4*t = -7*t + 6. What are the prime factors of w?
3
Suppose -5034 = -3*s - h - 1153, 5*s - 4*h = 6491. What are the prime factors of s?
5, 7, 37
Suppose -f - 5 = -7. Suppose -u = f*u - 57. Let h = u - 4. What are the prime factors of h?
3, 5
Suppose 2*f - 5*n - 616 = -n, -5*f + n + 1540 = 0. List the prime factors of f.
2, 7, 11
Suppose 0 = -5*c - 2*g + 29, 0*c + g + 8 = 2*c. Let u(z) = -2*z + 9. Let k be u(2). List the prime factors of (-2)/k + 72/c.
2, 7
Suppose 4*l - 5*v = 41, -4*v + 6*v = -l - 6. Suppose 4*q - 224 = -4*p + 8*p, -3*p = l*q - 203. What are the prime factors of q?
53
Suppose -2*q - 12 = 8. List the prime factors of (212/q - 2)/(4/(-10)).
2, 29
Suppose -1 = -3*i + 17. Suppose 3*m = i*m - 195. What are the prime factors of m?
5, 13
List the prime factors of (-22 - (-1230)/45)/(2/87).
2, 29
Let q = -13 + 18. Suppose -q*p = -61 - 64. List the prime factors of p.
5
Let s(f) = 479*f**3 + 2*f**2 - 1. Let l be s(1). Suppose -m - l = -5*m. List the prime factors of m.
2, 3, 5
Let i = -3 + 3. Let x = -16 + 54. Suppose i = q + 14 - x. List the prime factors of q.
2, 3
Suppose 2*k + 2*p - 2 - 2 = 0, 4*k = -5*p + 4. Let o = -4 + k. Suppose h = o*g + 20, 5*h - h - g = 101. List the prime factors of h.
2, 13
Suppose -2*q + p + 1 + 6 = 0, q = 2*p + 8. Suppose 93 - 706 = -3*j - q*g, 0 = -5*j - 5*g + 1025. What are the prime factors of j?
7, 29
Suppose 3*u - 3*r + 26 = 2*r, 0 = -2*u + 2*r - 12. Let y(d) = -19*d**3 - 2*d**2 - 4*d - 2. List the prime factors of y(u).
2, 3, 5
Let j be 1558/14 + (-2)/7. Let m = 198 - j. List the prime factors of m.
3, 29
Suppose -29*x + 162 = -23*x. Suppose 0 = -5*t - x + 222. What are the prime factors of t?
3, 13
Let n = -24 - -38. What are the prime factors of n/5*570/12?
7, 19
Let p = 143 + -124. What are the prime factors of p?
19
Suppose 0 = -3*m - 3 - 0. Let z(k) = -38*k**3 + k**2 + 2*k + 1. Let n be z(m). Suppose 0 = w - 4*o + 2, -3*o + n = w + 5. What are the prime factors of w?
2, 3
What are the prime factors of -2 - (-13)/7 - 4306/(-7)?
3, 5, 41
Suppose z - 2334 + 410 = 4*n, 3*z = n + 5827. What are the prime factors of z?
2, 3
Suppose -2*m = 3*i - 5, 4*m + 3 = 2*i - 11. List the prime factors of (-4)/(4/i)*-17.
3, 17
Let w be 1/(-7) + 23/161. Suppose 3*l - 4*l + 149 = w. What are the prime factors of l?
149
Suppose 12*o - 8222 = 3586. What are the prime factors of o?
2, 3, 41
Let y be (-6 + 1)/((-25)/10). Suppose -3*p = -g - 33 - 130, -y*p - g = -107. What are the prime factors of 1 + (p/(-1))/(-2)?
2, 7
Suppose 11 + 4 = 5*q. Let x(u) = -q*u + 2*u + u**2 - 2 - 4*u + 4*u. List the prime factors of x(4).
2, 5
Suppose 195 = 3*v - 0*v + 2*x, -3*v + x = -195. What are the prime factors of v?
5, 13
Let r(t) = -t**3 + 18*t**2 + 32*t - 7. Let u be r(9). List the prime factors of u/(-15)*(-3)/2.
101
Suppose 2*g - 27 = 5*g. Let p be g + (-5 + 2 - -7). List the prime factors of 0/2 + (8 - p).
13
Let n(c) = -17*c - 4. Let i be n(-6). Let p = 157 - i. List the prime factors of p.
59
Suppose 0 = -5*s + 5*i - 620, 2*s - 3*s = 2*i + 115. Let c = -98 - s. List the prime factors of c.
23
Let w = 711 - 155. What are the prime factors of w?
2, 139
Let h = 310 + -288. What are the prime factors of h?
2, 11
Let b(g) = 123*g**2 - 21*g + 107. What are the prime factors of b(5)?
17, 181
Let j(f) = -5*f**3 + 2*f**2 + 2*f - 4. Let l(b) = 11*b**3 - 5*b**2 - 5*b + 8. Let p(n) = -9*j(n) - 4*l(n). List the prime factors of p(4).
2, 3
Let g be (-9)/27 - (-2)/6. Suppose g = 8*k - k - 35. List the prime factors of k.
5
Suppose 4*j = -4*q + 8, 4*j - 19 = -q + 1. Let v be j/3 + (11 - -2). Suppose -5*l + 4*c = -v, -5*l - 3*c = -8*c - 10. What are the prime factors of l?
7
Suppose 18*x - 23*x + 2*a = -5624, 3378 = 3*x - 3*a. What are the prime factors of x?
2, 281
Let r(q) = 922*q - 31. List the prime factors of r(1).
3, 11
Let x(j) = -j**2 - j + 35. Let q = 20 - 18. Suppose 0 = f - 3*u, -f = q*u - 0*u. List the prime factors of x(f).
5, 7
Suppose -1549 = -4*j - 481. Suppose 9*d = 507 + j. What are the prime factors of d?
2, 43
Let w(v) = 11*v + 76. Let d be w(-15). Let a = 76 - d. List the prime factors of 